e the prime factors of z?
29
List the prime factors of ((-1)/(-4))/(16/1408).
2, 11
Let i(y) = 2*y**2 + y - 12. What are the prime factors of i(5)?
43
Let b be 100/(-15) + (-2)/(-3). What are the prime factors of (-2)/b - (-150)/9?
17
Suppose z - 136 = -4*k, 2*z = -k + 3*k - 78. What are the prime factors of k?
5, 7
Suppose 0 = 4*f - 0 + 16, -4*f = 2*i + 4. Let n(x) = -x**3 + 6*x**2 + 7*x - 7. What are the prime factors of n(i)?
5, 7
Let x(u) = 3*u**2 + 3*u + 2. Let v be x(-2). Suppose s + s = v. Suppose i = -i - 4*m + 36, -4*i + s*m + 12 = 0. What are the prime factors of i?
2
Suppose 6*y - 160 = 2*y. Suppose 8*z - 3*z = y. What are the prime factors of z?
2
Let l be (-98)/(-21)*(-9)/(-2). Let j = 76 - 469. What are the prime factors of (-6)/(-21) - j/l?
19
Suppose -4*r - 4*z + 36 = 0, -6*z + z = -2*r + 4. What are the prime factors of r?
7
Suppose -17 = -f - 2. Suppose s - 4*s - 3*p = -f, -4*s + 5*p = 25. Let o(w) = -w + 11. What are the prime factors of o(s)?
11
Let b(v) = -3*v**2 + 2*v + 2. Let o(k) = 4*k**2 - 3*k - 2. Let n be 1 + 6*(-3)/6. Let f(w) = n*o(w) - 3*b(w). What are the prime factors of f(-3)?
7
Let s be 1*(-2)/(-1) + 4. Let l be ((-12)/(-20))/(2/10). Let b = s - l. What are the prime factors of b?
3
Let r(i) = -i + 14. What are the prime factors of r(8)?
2, 3
Let n(w) = w**3 - 3*w**2 - 4*w + 7. Let m be n(7). Suppose -m = -5*b - 0*b. What are the prime factors of b?
5, 7
Let s = -7 - -13. Let x = s + -3. What are the prime factors of x?
3
Let s = 12 + -8. Suppose 55 = s*p + 15. What are the prime factors of p?
2, 5
Let p(q) = q**2 - 3*q - 4. Let h be p(5). Let b = h + 11. List the prime factors of b.
17
Suppose 2*c = 3*c - 42. List the prime factors of c.
2, 3, 7
Let j(y) = y**2 - y - 1. Let l(x) = x**2 + 8*x + 7. Let z be l(-7). Suppose z = -2*h - 2*k + 20, 0*h - 30 = -4*h - 2*k. What are the prime factors of j(h)?
19
Let j be (18/10)/((-6)/(-20)). Suppose 78 = 4*v + j. What are the prime factors of v?
2, 3
Let n be 34/9 + (-10)/(-45). Suppose 69 - 27 = n*g - 2*o, 0 = g - o - 8. What are the prime factors of g?
13
Suppose -2*b - 2*f + 40 = -f, 0 = 4*b + 4*f - 88. Suppose -5*p = -b - 47. What are the prime factors of p?
13
Let g be ((2 - 2) + -5)*-2. Let o = -7 + g. Suppose 4 = o*q - 2*q. List the prime factors of q.
2
Let y = -42 - -106. What are the prime factors of y?
2
Suppose 0 = a + 3*v - 11, 4*v = -0*a - 4*a + 28. Suppose -2*o = 5*f - 51, -a*f + 2*o = -2*o - 33. List the prime factors of f.
3
Suppose -480 = -5*u - 3*u. List the prime factors of u.
2, 3, 5
Let i(x) = x**2 + 5*x - 2. Let m be i(-6). Suppose -d + 18 = -m*d. List the prime factors of (d/9)/((-6)/99).
11
What are the prime factors of (5 - 0)/(4/16)?
2, 5
Let q = 119 - 24. What are the prime factors of q?
5, 19
What are the prime factors of (315/10 + 4)*2?
71
Suppose 0 = -g + 4*q + 60, -2*g = -3*g + 3*q + 65. List the prime factors of 6/(-4)*g/(-12).
2, 5
Suppose 3*j - 19 = -5*a - j, 2*a + 2*j - 8 = 0. Suppose -h = a*h + 44. List the prime factors of -1*(0/(-2) + h).
11
Let n = -21 + 19. Let s(c) = 2*c**2 + 4*c + 2. List the prime factors of s(n).
2
Let w(h) = 2*h. Let k be ((-18)/(-24))/((-1)/(-4)). What are the prime factors of w(k)?
2, 3
Let g be (45 - -2)/1 - 2. Let n = 11 - 41. Let d = g + n. What are the prime factors of d?
3, 5
Let r(q) = -q + 17. Suppose -1 = 2*a - 4*t - 13, a - 12 = 4*t. Let z be r(a). Let k = z + -7. List the prime factors of k.
2, 5
Suppose 9*j - 69 = 6*j. What are the prime factors of j?
23
Suppose -4*m + 5 + 3 = 4*y, -2*y - 8 = -4*m. Let i be (m/(-4))/((-3)/30). Suppose -i*w + 40 = 5*v, 0*v - 4*v + w + 22 = 0. What are the prime factors of v?
2, 3
Let d(a) = a**3 - 4*a**2 - 4*a. Let y be d(5). Suppose 82 + 1 = 3*n - 5*z, -y*n + 3*z = -117. What are the prime factors of n?
3, 7
Let v(f) be the third derivative of -f**4/24 - f**3/6 - 3*f**2. What are the prime factors of v(-8)?
7
Let m(b) = 2*b**2 - 7*b + 7. Let p = 9 + -4. What are the prime factors of m(p)?
2, 11
Let p be (-3 + 24/9)*3. Let h be (p - -2) + 2 + 17. Suppose 0*k + 4*k + h = 5*f, 4*f = -2*k + 16. List the prime factors of f.
2
Suppose 3*b = 3, b = x - 10 - 46. List the prime factors of x.
3, 19
Suppose -5*q + g = -g - 481, 0 = 4*q - 2*g - 386. What are the prime factors of q?
5, 19
Let y be 48/(-20)*10/2. Let f = y + 17. What are the prime factors of f?
5
Let a be 3066/70 - 1/(-5). Suppose -m - 3*r + a = 0, 2*m - r - 48 = r. List the prime factors of m.
29
Let r(u) = u**2 - 2. Suppose -3*w + w - 4 = -4*f, 5*w = -3*f + 29. List the prime factors of r(w).
2, 7
Let a = 112 - 65. List the prime factors of a.
47
Let a(t) = t - 1. Let w be a(2). Let r be 1 + 6 - (1 - -1). Suppose -r*p + 39 = -w. What are the prime factors of p?
2
Let a = -16 - -11. Let h = -39 - -26. Let b = a - h. List the prime factors of b.
2
Suppose j + 384 = 4*b + 21, -j = -2*b + 179. What are the prime factors of b?
2, 23
List the prime factors of (-258)/(-9) - (0 + (-1)/3).
29
Let q = -91 - -129. What are the prime factors of q?
2, 19
Let j(y) = 0*y + 1 + 2*y + 0*y. Suppose 4*m + 4*k + 12 = 0, 4*k + 0*k + 22 = m. List the prime factors of j(m).
5
Suppose 2*q = 3*g - 27 - 179, q = 5*g - 348. Suppose 0 = t + 2*f - f - 15, 5*t = -4*f + g. List the prime factors of t.
2, 5
Suppose -b + 4 = 2. Let o be 130/(-6) + b/(-6). Let f = -11 - o. List the prime factors of f.
11
Let y(u) be the third derivative of u**6/24 - u**3/6 - u**2. Let c be y(-1). What are the prime factors of (-3)/3*(c + -1)?
7
List the prime factors of -4 + 3378/24 - 6/8.
2, 17
Let c be -3*1/(-3) - 1. Suppose -t - 4*t + 10 = c. What are the prime factors of t?
2
Suppose l - 2*b = -0*b + 23, 110 = 4*l - 2*b. Let k = l + -2. List the prime factors of k.
3
Let j be 4*((-15)/6 - 1). Let d = 34 + j. What are the prime factors of d?
2, 5
Let o = -46 - -47. Let a(c) = -4*c. Let g be a(-1). Let m = g - o. List the prime factors of m.
3
Suppose -5*g + 3*p = p - 35, -g + 3*p = -20. Let x = 0 + g. List the prime factors of x.
5
Let w be 1 + 1 - 0/(-11). List the prime factors of (8/10)/(w/5).
2
Let l(n) = n**2 + 5*n + 5. Let i be l(-5). Suppose 25 = i*t - 2*a, 9*t - 4*t + 5*a - 60 = 0. List the prime factors of t.
7
Suppose 5*x - 110 + 10 = 0. What are the prime factors of x?
2, 5
Let p = 2 + 6. Let b(q) = -2*q + 5. Let o(n) = -n. Let a(m) = -b(m) + o(m). List the prime factors of a(p).
3
Suppose z - 32 - 27 = 0. Suppose v = 4*m - 39, 3*m = -m - 3*v + z. List the prime factors of m.
11
Suppose 2*p = 4*p. Let u be -1 + p + 1 + 0. Let r(v) = v**3 - v**2 + 2. What are the prime factors of r(u)?
2
Let y(m) = m**3 - 11*m**2 + 10*m + 6. Let c be y(10). What are the prime factors of 3*(160/c)/5?
2
Let j = 164 + -114. What are the prime factors of j?
2, 5
Let q(i) = i**3 + 10*i**2 - 11*i - 33. List the prime factors of q(-10).
7, 11
Let l be (5 + -1)/2 + 1. Suppose 5*u - u - 33 = -s, l*u + 4*s - 41 = 0. List the prime factors of u.
7
Let q(u) be the third derivative of -u**4/24 + 2*u**3/3 - u**2. List the prime factors of q(-5).
3
Suppose 0 = 4*f + 4*g - 8, 3 = f + 2*g - 1. Let d(b) = b**3 + b**2 + b + 33. List the prime factors of d(f).
3, 11
Let i(m) = m**2 + 3*m + 3. Let p be i(-2). Let b be p/2*0/(-2). List the prime factors of b - 21*3/(-3).
3, 7
Let r = 122 + -57. List the prime factors of r.
5, 13
Let a(c) = 5*c**2 - 3*c + 5. What are the prime factors of a(-5)?
5, 29
Suppose 3*f - 5*c - 37 = 0, -f = 2*f + 3*c + 3. Suppose 3*u = -2*u + 150. Suppose f*p + 6 = 5*m - 7, 3*m = -5*p + u. What are the prime factors of m?
5
Let k = 11 + -7. Let y = 2 - k. Let c(z) = z**2 - 1. What are the prime factors of c(y)?
3
Suppose -4*v = -4 - 16. Let p be (8/(-10))/((-2)/v). Suppose -p*u - u + 18 = 0. What are the prime factors of u?
2, 3
Let i = 199 - 84. Suppose -3*v - 4*t + i = -3*t, v - 40 = -2*t. What are the prime factors of v?
2, 19
Let z(v) be the second derivative of v**4/6 - v**3/3 - v**2 - 2*v. Let l be z(2). Suppose 4*r + 5*d = 36, -3*r = -2*r + l*d - 6. List the prime factors of r.
2, 7
Let d be (1 + (-34)/(-6))*3. Let h be ((-4)/12)/((-3)/27). Suppose -3*l = 2*b - d - 29, -50 = -h*l - b. What are the prime factors of l?
17
Let u = 1 + 0. Let b be 2/2 + (-322)/7. List the prime factors of b/(-6)*u*2.
3, 5
Let r = -245 - -384. Suppose 0 = -4*b - 5*c 